{"id":1059,"date":"2020-12-13T17:49:23","date_gmt":"2020-12-13T17:49:23","guid":{"rendered":"http:\/\/cria.igpdebenlloch.com\/index.php\/enriquecimiento-ambiental-3\/"},"modified":"2021-07-21T07:33:56","modified_gmt":"2021-07-21T07:33:56","slug":"enriquecimiento-ambiental-3","status":"publish","type":"page","link":"https:\/\/cria.igpdebenlloch.com\/index.php\/enriquecimiento-ambiental-3\/","title":{"rendered":"Enriquecimiento Ambiental"},"content":{"rendered":"\n<div class=\"wp-block-image\"><figure class=\"aligncenter size-large is-resized\"><img loading=\"lazy\" decoding=\"async\" src=\"https:\/\/cria.igpdebenlloch.com\/wp-content\/uploads\/2021\/01\/dogs-pets-animals-4477058-1024x683.jpg\" alt=\"dogs, pets, animals\" class=\"wp-image-1960\" width=\"397\" height=\"264\" srcset=\"https:\/\/cria.igpdebenlloch.com\/wp-content\/uploads\/2021\/01\/dogs-pets-animals-4477058-1024x683.jpg 1024w, https:\/\/cria.igpdebenlloch.com\/wp-content\/uploads\/2021\/01\/dogs-pets-animals-4477058-300x200.jpg 300w, https:\/\/cria.igpdebenlloch.com\/wp-content\/uploads\/2021\/01\/dogs-pets-animals-4477058-768x512.jpg 768w, https:\/\/cria.igpdebenlloch.com\/wp-content\/uploads\/2021\/01\/dogs-pets-animals-4477058-50x33.jpg 50w, https:\/\/cria.igpdebenlloch.com\/wp-content\/uploads\/2021\/01\/dogs-pets-animals-4477058-75x50.jpg 75w, https:\/\/cria.igpdebenlloch.com\/wp-content\/uploads\/2021\/01\/dogs-pets-animals-4477058-100x67.jpg 100w, https:\/\/cria.igpdebenlloch.com\/wp-content\/uploads\/2021\/01\/dogs-pets-animals-4477058-150x100.jpg 150w, https:\/\/cria.igpdebenlloch.com\/wp-content\/uploads\/2021\/01\/dogs-pets-animals-4477058-959x640.jpg 959w, https:\/\/cria.igpdebenlloch.com\/wp-content\/uploads\/2021\/01\/dogs-pets-animals-4477058-640x427.jpg 640w, https:\/\/cria.igpdebenlloch.com\/wp-content\/uploads\/2021\/01\/dogs-pets-animals-4477058-1151x768.jpg 1151w, https:\/\/cria.igpdebenlloch.com\/wp-content\/uploads\/2021\/01\/dogs-pets-animals-4477058.jpg 1280w\" sizes=\"auto, (max-width: 397px) 100vw, 397px\" \/><figcaption>Enriquecimiento Ambiental (EA)<\/figcaption><\/figure><\/div>\n\n\n\n<a name=\"arriba\"><\/a>\n\n\n\n<div><p>Ponente: Marta Calcerrada (Andorra)\u00a0 \u00a0 \u00a0 \u00a0 \u00a0 \u00a0 \u00a0 \u00a0 \u00a0 \u00a0 \u00a0 \u00a0 \u00a0 \u00a0 \u00a0 \u00a0 \u00a0 \u00a0 \u00a0 \u00a0 \u00a0 \u00a0Fecha: 8\/12\/20<\/p>\n<p>\u00a0\u00a0\u00a0\u00a0\u00a0\u00a0\u00a0\u00a0\u00a0\u00a0\u00a0\u00a0\u00a0\u00a0\u00a0\u00a0\u00a0\u00a0\u00a0\u00a0\u00a0\u00a0\u00a0\u00a0\u00a0\u00a0\u00a0\u00a0\u00a0\u00a0\u00a0\u00a0\u00a0\u00a0\u00a0\u00a0\u00a0\u00a0\u00a0\u00a0\u00a0\u00a0\u00a0\u00a0\u00a0\u00a0 ENRIQUECIMIENTO AMBIENTAL (EA)<\/p>\n<p>\u00a0<\/p>\n<ul>\n<li>Como modificar el ambiente de mascotas para mejorar su bienestar cualidad de vida.<\/li>\n<li>Dando acceso a est\u00edmulos ambientales para un bienestar ps\u00edquico y fisiol\u00f3gico.<\/li>\n<li>Dar actividades que permitan al animal expresar sus comportamientos naturales, satisfaciendo sus impulsos e instintos naturales (dogster.com).<\/li>\n<li>\u201cEnriquecer no es pon\u00e9rselo m\u00e1s dif\u00edcil\u201d<\/li>\n<\/ul>\n<span class=\"collapseomatic \" id=\"id6a0318026eea1\"  tabindex=\"0\" title=\"Objetivos\"    >Objetivos<\/span><span id='swap-id6a0318026eea1'  class='colomat-swap' style='display:none;'>Mostrar menos<\/span><div id=\"target-id6a0318026eea1\" class=\"collapseomatic_content \">OBJETIVOS EA<\/p>\n<p>Mejorar la cualidad de los cuidados del animal mediante:<\/p>\n<ul>\n<li>Aumento de la diversidad comportamental de cada individuo<\/li>\n<li>Bajada de frecuencia de comportamientos anormales en \u00e9l.<\/li>\n<li>Aumento del n\u00famero de comportamientos normales.<\/li>\n<li>Uso positivo del ambiente por parte del animal y nosotros.<\/li>\n<li>Mejora de la habilidad del animal para lidiar con retos de manera adaptativa ( Sin coste o con un menor coste f\u00edsico o emocional )<\/li>\n<\/ul>\n<p>Mantener a los animales en un buen nivel de bienestar f\u00edsico, psicol\u00f3gico y emocional.<\/p>\n<p>Reducir el Estr\u00e9s ( Distr\u00e9s ).<\/p>\n<p>Mejorar la salud comportamental.<\/p>\n<p>Prevenir el deterioro cognitivo del animal.<\/p>\n<p>Prevenir o disminuir afectaci\u00f3n de enfermedades resultantes del deterioro cognitivo.<\/p>\n<p>Prevenir deterioro cognitivo mediante el aumento de patrones comportamentales normales.<\/p>\n<p>Tener perros m\u00e1s colaborativos.<\/p>\n<p>Mejorar la calidad de vida en general.<\/p>\n<p>Saciar el vaso instintivo de cada tipo de perro.<\/p>\n<p>Ayuda en las terapias comportamentales.<\/div>\n<span class=\"collapseomatic \" id=\"id6a0318026ef06\"  tabindex=\"0\" title=\"Que buscamos y como funciona\"    >Que buscamos y como funciona<\/span><span id='swap-id6a0318026ef06'  class='colomat-swap' style='display:none;'>Mostrar menos<\/span><div id=\"target-id6a0318026ef06\" class=\"collapseomatic_content \">\n<p>\u00bfQU\u00c9 BUSCAMOS? \u00bfCOMO VEMOS QUE FUNCIONA?<\/p>\n<ul>\n<li>Disminuci\u00f3n de conductas que manifiesten estr\u00e9s, miedo o aburrimiento (Com. Compulsivos p. ej.).<\/li>\n<li>Postura corporal relajada, actitud calmada, patrones de sue\u00f1o normales, m\u00e1s contacto social.<\/li>\n<li>M\u00e1s olfateo, mordisqueo, conductas naturales seg\u00fan tipos de perro.<\/li>\n<li>Mayor tolerancia a la frustraci\u00f3n, m\u00e1s colaboraci\u00f3n.<\/li>\n<li>Aumento de conductas afiliativas, juego, m\u00e1s confianza en s\u00ed mismos.<\/li>\n<li>Disminuci\u00f3n de conductas conflictivas leves ( ladridos x aburrimiento, destructividad leve, falta de descanso\u2026 )<\/li>\n<li>Nivel de actividad normal ( No sobreestimular ).<\/div><\/li>\n<\/ul>\n<span class=\"collapseomatic \" id=\"id6a0318026ef3e\"  tabindex=\"0\" title=\"Conductas naturales\"    >Conductas naturales<\/span><span id='swap-id6a0318026ef3e'  class='colomat-swap' style='display:none;'>Mostrar menos<\/span><div id=\"target-id6a0318026ef3e\" class=\"collapseomatic_content \">\n<p>CONDUCTAS NATURALES DE LOS PERROS<\/p>\n<ul>\n<li>Contacto social con humanos u otros perros.<\/li>\n<li>Olfato ( a +miedo \u2013 olfato ).<\/li>\n<li>Actividad bucal: morder, roer, lamer.<\/li>\n<\/ul>\n<p>\u00a0<\/p>\n<ul>\n<li>Retrievers ( Goldens, Labradores ): Cobrar cosas, llevarlas en la boca.<\/li>\n<li>Terriers ( Jack Rusell, Yorkshire ): Excavar, destrozar y destripar con la boca, cazar, morder.<\/li>\n<li>Cazadores &#8211; Velocidad ( Podencos \u2013 Galgos ): Perseguir, ventear, cazar.<\/li>\n<li>Cazadores \u2013 Rastro ( Teckel, Basset Hound ): Rastrear, cazar, olfatear.<\/li>\n<li>Boca fuerte ( PPPs, Pastor alem\u00e1n, Malinois ): Trabajo de mandibulas, morder, juego con mordedores.<\/li>\n<li>Pastores ( Border Collie, Pastor Vasco ): Acechar e inicio patr\u00f3n de caza.<\/li>\n<\/ul>\n<p>( Esencias de animales, en tiendas de caza )<\/div>\n<p>\u00a0<\/p>\n<span class=\"collapseomatic \" id=\"id6a0318026ef6c\"  tabindex=\"0\" title=\"Necesidades\"    >Necesidades<\/span><span id='swap-id6a0318026ef6c'  class='colomat-swap' style='display:none;'>Mostrar menos<\/span><div id=\"target-id6a0318026ef6c\" class=\"collapseomatic_content \">\n<p>CUBRIR NECESIDADES MEDIANTE EL EA<\/p>\n<p>Despu\u00e9s de vista la pir\u00e1mide de Maslow Canina, revisar cada eslab\u00f3n, viendo si hay algo para poder mejorar o complementar mediante enriquecimiento animal:<\/p>\n<ul>\n<li>Cambiar estrategia de alimentaci\u00f3n.<\/li>\n<li>Complementar tipos de paseo.<\/li>\n<li>Dar opciones y retos al animal.<\/li>\n<li>Pasar tiempo de calidad con \u00e9l.<\/li>\n<li>Prevenir problemas de salud \/ deterioro cognitivo<\/li>\n<\/ul>\n<p>Preguntate \u00bf qu\u00e9 necesidades podr\u00edas cubrir mejor ?<\/p>\n<p>\u00a0<\/p>\n<p>\u00a0\u00a0\u00a0\u00a0\u00a0\u00a0\u00a0\u00a0\u00a0\u00a0\u00a0\u00a0\u00a0\u00a0\u00a0\u00a0\u00a0\u00a0\u00a0\u00a0\u00a0\u00a0\u00a0\u00a0\u00a0\u00a0\u00a0\u00a0\u00a0\u00a0\u00a0\u00a0\u00a0\u00a0\u00a0\u00a0\u00a0\u00a0\u00a0\u00a0\u00a0\u00a0\u00a0\u00a0\u00a0\u00a0 TRABAJAR EL VINCULO MEDIANTE EL EA<\/p>\n<p>Por un lado, important\u00edsimo ser siempre la base segura de nuestros perros. Esto da lugar a un v\u00ednculo afectivo sano.<\/p>\n<p>Por otro lado, pasear un tiempo de cualidad con nuestro perro har\u00e1 que el v\u00ednculo se fortalezca, ayudarle, hacerlo juntos.<\/p>\n<p>Evitar castigos, aversivos, contradicciones, falta de rutina. Detectar cuando est\u00e1n motivados y cuando no, cuando descansar y cuando no.<\/p>\n<p>No\u00a0 excedernos!! No quedarnos cortos!!<\/p>\n<p>\u00a0\u00a0\u00a0\u00a0\u00a0\u00a0\u00a0\u00a0\u00a0\u00a0\u00a0\u00a0\u00a0\u00a0\u00a0 Atenci\u00f3n signos fisiol\u00f3gicos<\/div>\n<p>\u00a0 \u00a0 \u00a0 \u00a0 \u00a0 \u00a0 \u00a0 \u00a0 \u00a0 \u00a0 \u00a0 \u00a0 \u00a0 \u00a0 \u00a0 \u00a0 \u00a0<span class=\"collapseomatic \" id=\"id6a0318026ef98\"  tabindex=\"0\" title=\"Descripcion Videos\"    >Descripcion Videos<\/span><span id='swap-id6a0318026ef98'  class='colomat-swap' style='display:none;'>Mostrar menos<\/span><div id=\"target-id6a0318026ef98\" class=\"collapseomatic_content \">\u00a0 \u00a0 \u00a0 \u00a0 \u00a0 \u00a0 \u00a0 \u00a0 \u00a0 \u00a0 \u00a0 \u00a0 \u00a0 \u00a0 \u00a0 \u00a0 \u00a0 \u00a0 \u00a0 \u00a0 \u00a0 \u00a0 \u00a0 VIDEOS<\/p>\n<ul>\n<li>Caja atada con cuerda y papel de embalaje, en su interior papeles arrugados con comida.<\/li>\n<li>Aprovechar arboles en el paseo, poniendo comida ( frankfurts \u2013 pat\u00e9 ) en los orificios de la corteza a diversas alturas.(al mismo tiempo se trabaja la propiocepci\u00f3n).<\/li>\n<li>Con mordedor, hacerle buscarlo, primero cerca e ir aumentando la distancia ( hasta 4 o 5 repeticiones ). Cansa mucho, por lo que hay que dejarlos con ganas de m\u00e1s.<\/li>\n<li>Poner premios en el agua (en perros con miedo al agua). Primero cerca del agua y progresivamente introducirlos en el agua.<\/li>\n<li>Alfombras de olfato (Snuffle Hat).<\/li>\n<li>Alfombra de actividades (marca Buster).<\/div><\/li>\n<\/ul><\/div>\n\n\n\n<a href=\"#arriba\">subir<\/a>\n","protected":false},"excerpt":{"rendered":"<p>Ponente: Marta Calcerrada (Andorra)\u00a0 \u00a0 \u00a0 \u00a0 \u00a0 \u00a0 \u00a0 \u00a0 \u00a0 \u00a0 \u00a0 \u00a0 \u00a0 \u00a0 \u00a0 \u00a0 \u00a0 \u00a0 \u00a0 \u00a0 \u00a0 \u00a0Fecha: 8\/12\/20 \u00a0\u00a0\u00a0\u00a0\u00a0\u00a0\u00a0\u00a0\u00a0\u00a0\u00a0\u00a0\u00a0\u00a0\u00a0\u00a0\u00a0\u00a0\u00a0\u00a0\u00a0\u00a0\u00a0\u00a0\u00a0\u00a0\u00a0\u00a0\u00a0\u00a0\u00a0\u00a0\u00a0\u00a0\u00a0\u00a0\u00a0\u00a0\u00a0\u00a0\u00a0\u00a0\u00a0\u00a0\u00a0\u00a0 ENRIQUECIMIENTO AMBIENTAL (EA) \u00a0 Como modificar el ambiente de mascotas para mejorar su bienestar cualidad de vida. Dando acceso a est\u00edmulos ambientales para un bienestar ps\u00edquico y fisiol\u00f3gico. [&hellip;]<\/p>\n","protected":false},"author":1,"featured_media":0,"parent":0,"menu_order":0,"comment_status":"closed","ping_status":"closed","template":"","meta":{"_acf_changed":false,"_editorskit_title_hidden":true,"_editorskit_reading_time":2,"_editorskit_is_block_options_detached":false,"_editorskit_block_options_position":"{}","_uag_custom_page_level_css":"","site-sidebar-layout":"default","site-content-layout":"default","ast-site-content-layout":"default","site-content-style":"default","site-sidebar-style":"default","ast-global-header-display":"","ast-banner-title-visibility":"","ast-main-header-display":"","ast-hfb-above-header-display":"","ast-hfb-below-header-display":"","ast-hfb-mobile-header-display":"","site-post-title":"","ast-breadcrumbs-content":"","ast-featured-img":"","footer-sml-layout":"","theme-transparent-header-meta":"default","adv-header-id-meta":"","stick-header-meta":"","header-above-stick-meta":"","header-main-stick-meta":"","header-below-stick-meta":"","astra-migrate-meta-layouts":"default","ast-page-background-enabled":"default","ast-page-background-meta":{"desktop":{"background-color":"","background-image":"","background-repeat":"repeat","background-position":"center center","background-size":"auto","background-attachment":"scroll","background-type":"","background-media":"","overlay-type":"","overlay-color":"","overlay-opacity":"","overlay-gradient":""},"tablet":{"background-color":"","background-image":"","background-repeat":"repeat","background-position":"center center","background-size":"auto","background-attachment":"scroll","background-type":"","background-media":"","overlay-type":"","overlay-color":"","overlay-opacity":"","overlay-gradient":""},"mobile":{"background-color":"","background-image":"","background-repeat":"repeat","background-position":"center center","background-size":"auto","background-attachment":"scroll","background-type":"","background-media":"","overlay-type":"","overlay-color":"","overlay-opacity":"","overlay-gradient":""}},"ast-content-background-meta":{"desktop":{"background-color":"var(--ast-global-color-5)","background-image":"","background-repeat":"repeat","background-position":"center center","background-size":"auto","background-attachment":"scroll","background-type":"","background-media":"","overlay-type":"","overlay-color":"","overlay-opacity":"","overlay-gradient":""},"tablet":{"background-color":"var(--ast-global-color-5)","background-image":"","background-repeat":"repeat","background-position":"center center","background-size":"auto","background-attachment":"scroll","background-type":"","background-media":"","overlay-type":"","overlay-color":"","overlay-opacity":"","overlay-gradient":""},"mobile":{"background-color":"var(--ast-global-color-5)","background-image":"","background-repeat":"repeat","background-position":"center center","background-size":"auto","background-attachment":"scroll","background-type":"","background-media":"","overlay-type":"","overlay-color":"","overlay-opacity":"","overlay-gradient":""}},"footnotes":""},"class_list":["post-1059","page","type-page","status-publish","hentry"],"acf":[],"uagb_featured_image_src":{"full":false,"thumbnail":false,"medium":false,"medium_large":false,"large":false,"1536x1536":false,"2048x2048":false,"cosmic-thumbnail-50xAUTO":false,"cosmic-thumbnail-AUTOx50":false,"cosmic-thumbnail-100xAUTO":false,"cosmic-thumbnail-AUTOx100":false,"cosmic-thumbnail-100x100":false,"cosmic-thumbnail-150x150":false,"cosmic-thumbnail-300x225":false,"cosmic-thumbnail-640x640":false,"cosmic-thumbnail-AUTOx640":false,"cosmic-thumbnail-640xAUTO":false,"cosmic-thumbnail-960x960":false,"cosmic-thumbnail-AUTOx960":false,"cosmic-thumbnail-960xAUTO":false,"cosmic-thumbnail-1024x768":false,"cosmic-thumbnail-AUTOx768":false,"cosmic-thumbnail-1024xAUTO":false,"cosmic-thumbnail-1920x1080":false,"cosmic-thumbnail-AUTOx1080":false,"cosmic-thumbnail-1920xAUTO":false},"uagb_author_info":{"display_name":"xavier","author_link":"https:\/\/cria.igpdebenlloch.com\/index.php\/author\/xavier\/"},"uagb_comment_info":0,"uagb_excerpt":"Ponente: Marta Calcerrada (Andorra)\u00a0 \u00a0 \u00a0 \u00a0 \u00a0 \u00a0 \u00a0 \u00a0 \u00a0 \u00a0 \u00a0 \u00a0 \u00a0 \u00a0 \u00a0 \u00a0 \u00a0 \u00a0 \u00a0 \u00a0 \u00a0 \u00a0Fecha: 8\/12\/20 \u00a0\u00a0\u00a0\u00a0\u00a0\u00a0\u00a0\u00a0\u00a0\u00a0\u00a0\u00a0\u00a0\u00a0\u00a0\u00a0\u00a0\u00a0\u00a0\u00a0\u00a0\u00a0\u00a0\u00a0\u00a0\u00a0\u00a0\u00a0\u00a0\u00a0\u00a0\u00a0\u00a0\u00a0\u00a0\u00a0\u00a0\u00a0\u00a0\u00a0\u00a0\u00a0\u00a0\u00a0\u00a0\u00a0 ENRIQUECIMIENTO AMBIENTAL (EA) \u00a0 Como modificar el ambiente de mascotas para mejorar su bienestar cualidad de vida. Dando acceso a est\u00edmulos ambientales para un bienestar ps\u00edquico y fisiol\u00f3gico.&hellip;","_links":{"self":[{"href":"https:\/\/cria.igpdebenlloch.com\/index.php\/wp-json\/wp\/v2\/pages\/1059","targetHints":{"allow":["GET"]}}],"collection":[{"href":"https:\/\/cria.igpdebenlloch.com\/index.php\/wp-json\/wp\/v2\/pages"}],"about":[{"href":"https:\/\/cria.igpdebenlloch.com\/index.php\/wp-json\/wp\/v2\/types\/page"}],"author":[{"embeddable":true,"href":"https:\/\/cria.igpdebenlloch.com\/index.php\/wp-json\/wp\/v2\/users\/1"}],"replies":[{"embeddable":true,"href":"https:\/\/cria.igpdebenlloch.com\/index.php\/wp-json\/wp\/v2\/comments?post=1059"}],"version-history":[{"count":8,"href":"https:\/\/cria.igpdebenlloch.com\/index.php\/wp-json\/wp\/v2\/pages\/1059\/revisions"}],"predecessor-version":[{"id":2139,"href":"https:\/\/cria.igpdebenlloch.com\/index.php\/wp-json\/wp\/v2\/pages\/1059\/revisions\/2139"}],"wp:attachment":[{"href":"https:\/\/cria.igpdebenlloch.com\/index.php\/wp-json\/wp\/v2\/media?parent=1059"}],"curies":[{"name":"wp","href":"https:\/\/api.w.org\/{rel}","templated":true}]}}