{"id":1038,"date":"2020-10-23T16:51:26","date_gmt":"2020-10-23T16:51:26","guid":{"rendered":"https:\/\/expos.xaviersoler.es\/?page_id=1038"},"modified":"2021-07-21T07:28:16","modified_gmt":"2021-07-21T07:28:16","slug":"cachorros","status":"publish","type":"page","link":"https:\/\/cria.igpdebenlloch.com\/index.php\/cachorros\/","title":{"rendered":"Menos de 16"},"content":{"rendered":"\n<div class=\"wp-block-image\"><figure class=\"aligncenter size-large is-resized\"><img loading=\"lazy\" decoding=\"async\" src=\"https:\/\/cria.igpdebenlloch.com\/wp-content\/uploads\/2021\/01\/puppy-dog-pet-1903313-1024x682.jpg\" alt=\"puppy, dog, pet\" class=\"wp-image-1958\" width=\"339\" height=\"225\" srcset=\"https:\/\/cria.igpdebenlloch.com\/wp-content\/uploads\/2021\/01\/puppy-dog-pet-1903313-1024x682.jpg 1024w, https:\/\/cria.igpdebenlloch.com\/wp-content\/uploads\/2021\/01\/puppy-dog-pet-1903313-300x200.jpg 300w, https:\/\/cria.igpdebenlloch.com\/wp-content\/uploads\/2021\/01\/puppy-dog-pet-1903313-768x512.jpg 768w, https:\/\/cria.igpdebenlloch.com\/wp-content\/uploads\/2021\/01\/puppy-dog-pet-1903313-50x33.jpg 50w, https:\/\/cria.igpdebenlloch.com\/wp-content\/uploads\/2021\/01\/puppy-dog-pet-1903313-75x50.jpg 75w, https:\/\/cria.igpdebenlloch.com\/wp-content\/uploads\/2021\/01\/puppy-dog-pet-1903313-100x67.jpg 100w, https:\/\/cria.igpdebenlloch.com\/wp-content\/uploads\/2021\/01\/puppy-dog-pet-1903313-150x100.jpg 150w, https:\/\/cria.igpdebenlloch.com\/wp-content\/uploads\/2021\/01\/puppy-dog-pet-1903313-960x640.jpg 960w, https:\/\/cria.igpdebenlloch.com\/wp-content\/uploads\/2021\/01\/puppy-dog-pet-1903313-640x427.jpg 640w, https:\/\/cria.igpdebenlloch.com\/wp-content\/uploads\/2021\/01\/puppy-dog-pet-1903313-1152x768.jpg 1152w, https:\/\/cria.igpdebenlloch.com\/wp-content\/uploads\/2021\/01\/puppy-dog-pet-1903313.jpg 1280w\" sizes=\"auto, (max-width: 339px) 100vw, 339px\" \/><figcaption>Estimulaci\u00f3n temprana<\/figcaption><\/figure><\/div>\n\n\n\n<p>Cachorros &#8211; Estimulaci\u00f3n temprana<\/p>\n\n\n\n<p>Bio-sensor (estimulaci\u00f3n temprana de cachorros) La gen\u00e9tica marca un tercio del potencial futuro del cachorro. Hay per\u00edodos de tiempo concretos durante los primeros meses de vida del cachorro en los que la estimulaci\u00f3n neurol\u00f3gica tiene resultados \u00f3ptimos. Hoy en d\u00eda hay pr\u00e1ctica unanimidad en concretar que el primer per\u00edodo de desarrollo neurol\u00f3gico implica una ventana de tiempo muy breve, que comienza en el tercer d\u00eda de vida y dura hasta el d\u00eda diecis\u00e9is. El programa de estimulaci\u00f3n neurol\u00f3gica Bio-Sensor -uno de los m\u00e1s renombrados- aprovecha esos d\u00edas cr\u00edticos en el desarrollo neurol\u00f3gico del cachorro mediante cinco ejercicios.1. Estimulaci\u00f3n del tacto (entre los dedos). Utilizando un bastoncillo de o\u00eddos se estimula suavemente, como si fueran cosquillas, entre los dedos del cachorro. 2. Sosteniendo la cabeza erguida. Se sostiene al cachorro erguido, alinenado la cabeza con la cola. 3. Cabeza hacia abajo. Se sujeta con seguridad al cachorro con la cabeza hacia abajo (en vertical)4. Posici\u00f3n supina. Se coloca al cachorro sobre la palma de las manos de forma confortable (puede estar incluso dormido)5. Estimulaci\u00f3n t\u00e9rmica. Se coloca al cachorro sobre una toalla fr\u00eda.(El Tiempo de todos los ejercicios son entre 3 y 5 segundos) Los cachorros estimulados con Bio-Sensor ser\u00e1n perros m\u00e1s vivos, con mayor capacidad de resoluci\u00f3n de problemas.Estos cinco ejercicios se realizan una sola vez al d\u00eda entre los d\u00edas 3 y 16 de vida del cachorro, y producen estimulaciones neurol\u00f3gicas que no ocurrir\u00edan de forma natural durante ese per\u00edodo de vida. Los resultados son: una mayor tolerancia al estr\u00e9s, mayor resistencia a las enfermedades y mejoras en las gl\u00e1ndulas suprarrenales y el coraz\u00f3n.Los perros sometidos al programa Bio-Sensor son tambi\u00e9n perros m\u00e1s \u00abvivos\u00bb, con mayores inquietudes y actividad, -como lo demuestran pruebas en laberintos- , y tambi\u00e9n se muestran m\u00e1s \u00abadiestrables\u00bb y con una mayor capacidad de resoluci\u00f3n de problemas. Se estima que la gen\u00e9tica supone alrededor de un 35 por ciento del potencial de un perro, el resto se desarrolla desde el momento en el que nace, y \u00e9ste es el motivo por el que Bio-Sensor se utiliza habitualmente en cachorros destinados a labores militares, de asistencia\u2026 y tambi\u00e9n por algunos criadores.<\/p>\n\n\n\n<p>Jonatan Zafra Martinez <\/p>\n\n\n\n\n\n\n<section id=\"thumbwrapper2\" class=\"gallery-video-content\"\n         data-gallery-video-perpage=\"4\" data-gallery-video-id=\"2\">\n\n    <input type=\"hidden\" class=\"pagenum\" value=\"1\"\/>\n    <ul id=\"origincode_videogallery\" class=\"origincode_videogallery view-thumbnails\">\n        <li id=\"fullPreview\"><\/li>\n        <input type=\"hidden\" id=\"total\" value=\"1\"\/>\n                    <li class=\"origincode_big_li\" data-id=\"10\">\n                                    <a class=\"vyoutube origincode_videogallery_item group2\"\n                       href=\"\/\/www.youtube.com\/embed\/dK6G7w5ev-s\"\n                       title=\"Dia 10\"\n                       data-description=\"Camada Dia 10\"\n                       data-id=\"10\"><\/a>\n                    <img decoding=\"async\" src=\"\/\/img.youtube.com\/vi\/dK6G7w5ev-s\/mqdefault.jpg\"\n                         alt=\"Dia 10\"\/>\n                                    <div class=\"overLayer\"><\/div>\n                <div class=\"infoLayer\">\n                    <ul>\n                        <li>\n                            <h2>\n                                Dia 10                            <\/h2>\n                        <\/li>\n                        <li>\n                            <p>\n                                Watch Video                            <\/p>\n                        <\/li>\n                    <\/ul>\n                <\/div>\n            <\/li>\n                    <li class=\"origincode_big_li\" data-id=\"26\">\n                                    <a class=\"vyoutube origincode_videogallery_item group2\"\n                       href=\"\/\/www.youtube.com\/embed\/B10btCCxaK4\"\n                       title=\"00 Cachorros Estimulacion\"\n                       data-description=\"00 Cachorros Estimulacion\"\n                       data-id=\"26\"><\/a>\n                    <img decoding=\"async\" src=\"\/\/img.youtube.com\/vi\/B10btCCxaK4\/mqdefault.jpg\"\n                         alt=\"00 Cachorros Estimulacion\"\/>\n                                    <div class=\"overLayer\"><\/div>\n                <div class=\"infoLayer\">\n                    <ul>\n                        <li>\n                            <h2>\n                                00 Cachorros Estimulacion                            <\/h2>\n                        <\/li>\n                        <li>\n                            <p>\n                                Watch Video                            <\/p>\n                        <\/li>\n                    <\/ul>\n                <\/div>\n            <\/li>\n                    <li class=\"origincode_big_li\" data-id=\"9\">\n                                    <a class=\"vyoutube origincode_videogallery_item group2\"\n                       href=\"\/\/www.youtube.com\/embed\/m9_kLHlsi5w\"\n                       title=\"Dia 7\"\n                       data-description=\"Camada Dia 7\"\n                       data-id=\"9\"><\/a>\n                    <img decoding=\"async\" src=\"\/\/img.youtube.com\/vi\/m9_kLHlsi5w\/mqdefault.jpg\"\n                         alt=\"Dia 7\"\/>\n                                    <div class=\"overLayer\"><\/div>\n                <div class=\"infoLayer\">\n                    <ul>\n                        <li>\n                            <h2>\n                                Dia 7                            <\/h2>\n                        <\/li>\n                        <li>\n                            <p>\n                                Watch Video                            <\/p>\n                        <\/li>\n                    <\/ul>\n                <\/div>\n            <\/li>\n        \n    <\/ul>\n            <div class=\"paginate3\">\n            1\/1        <\/div>\n        <\/section>\n<style>\nsection #origincode_videogallery a{\n\tborder:none;\n}\nsection #origincode_videogallery {\n\tpadding: 28px;\n\tdisplay: block;\n\tmin-height: 100%;\n\ttext-align: center;\n\tmargin-bottom: 30px;\n  background-color: #333333; box-shadow: 0 0 10px;}\n\n\n#origincode_videogallery .origincode_big_li {\n\twidth: 100%;\n\tmax-width: 240px;\n\toverflow:hidden;\n\theight: 150px;\n\tmargin: 1px !important;\n\tpadding:0 !important;\n\tborder: 1px solid #444444;\n\tborder-radius: 5px;\n}\n\nsection #origincode_videogallery li .infoLayer ul li {\n\tmax-height:80px;\n\toverflow:hidden;\n}\n\nsection #origincode_videogallery li .overLayer ul li h2,\nsection #origincode_videogallery li .infoLayer ul li h2 {\n\tfont-size: 16px;\n\tcolor: #FFFFFF;\n\tmargin:0 !important;\n}\n\nsection #origincode_videogallery li .infoLayer ul li p {\n\tcolor: #FFFFFF;\n\tmargin:0 !important;\n}\n\nsection #origincode_videogallery li .overLayer,\nsection #origincode_videogallery li .infoLayer {\n\t-webkit-transition: opacity 0.3s linear;\n\t-moz-transition: opacity 0.3s linear;\n\t-ms-transition: opacity 0.3s linear;\n\t-o-transition: opacity 0.3s linear;\n\ttransition: opacity 0.3s linear;\n\twidth: 100%;\n\tmax-width: 240px;\n\theight: 150px;\n\tposition: absolute;\n\ttext-align: center;\n\topacity: 0;\n\ttop: 0;\n\tleft: 0;\n\tz-index: 4;\n\tborder-radius: 5px;\n}\n\n\n\nsection #origincode_videogallery li a {\n\tposition: absolute;\n\tdisplay: block;\n\twidth: 100%;\n\tmax-width: 240px;\n\theight: 150px;\n\ttop: 0;\n\tleft: 0;\n\tz-index: 6;\n\tborder-radius: 5px;\n}\n.load_more3 {\n\tmargin: 10px 0;\n\tposition:relative;\n\ttext-align:center;\n\twidth:100%;\n}\n\n.load_more_button3 {\n\tborder-radius: 10px;\n\tdisplay:inline-block;\n\tpadding:5px 15px;\n\tfont-size:19px !important;;\n\tcolor:#CCCCCC !important;;\n\tbackground:#333333 !important;\n\tcursor:pointer;\n\n}\n.load_more_button3:hover{\n\tcolor:#D9D9D9 !important;\n\tbackground:#8F827C !important;\n}\n.loading3 {\n\tdisplay:none;\n}\n.paginate3{\n\tfont-size:22px !important;\n\tcolor:#0A0202 !important;\n\ttext-align: center;\n}\n.paginate3 a{\n\tborder-bottom: none !important;\n\tbox-shadow: none !important;\n}\n.icon-style3{\n\tfont-size: 22px !important;\n\tcolor:#333333 !important;\n}\n.clear{\n\tclear:both;\n}\n\n#origincode_videogallery li img {\n\twidth: 100%;\n\tmax-width: 238px;\n\theight: 148px;\n\tmin-height: 100%;\n\tmargin:0 !important;\n}\n\nsection #origincode_videogallery li:hover .overLayer {\n\t-webkit-transition: opacity 0.3s linear;\n\t-moz-transition: opacity 0.3s linear;\n\t-ms-transition: opacity 0.3s linear;\n\t-o-transition: opacity 0.3s linear;\n\ttransition: opacity 0.3s linear;\n\topacity: 0.801;\n\tdisplay: block;\n\tbackground: #CCCCCC;\n}\nsection #origincode_videogallery li:hover .infoLayer {\n\t-webkit-transition: opacity 0.3s linear;\n\t-moz-transition: opacity 0.3s linear;\n\tms-transition: opacity 0.3s linear;\n\t-o-transition: opacity 0.3s linear;\n\ttransition: opacity 0.3s linear;\n\topacity: 1;\n\tdisplay: block;\n}\nsection #origincode_videogallery p {text-align:center;}\n<\/style>\n","protected":false},"excerpt":{"rendered":"<p>Cachorros &#8211; Estimulaci\u00f3n temprana Bio-sensor (estimulaci\u00f3n temprana de cachorros) La gen\u00e9tica marca un tercio del potencial futuro del cachorro. Hay per\u00edodos de tiempo concretos durante los primeros meses de vida del cachorro en los que la estimulaci\u00f3n neurol\u00f3gica tiene resultados \u00f3ptimos. Hoy en d\u00eda hay pr\u00e1ctica unanimidad en concretar que el primer per\u00edodo de desarrollo [&hellip;]<\/p>\n","protected":false},"author":1,"featured_media":0,"parent":0,"menu_order":0,"comment_status":"closed","ping_status":"closed","template":"","meta":{"_acf_changed":false,"_editorskit_title_hidden":true,"_editorskit_reading_time":1,"_editorskit_is_block_options_detached":false,"_editorskit_block_options_position":"{}","_uag_custom_page_level_css":"","site-sidebar-layout":"default","site-content-layout":"default","ast-site-content-layout":"default","site-content-style":"default","site-sidebar-style":"default","ast-global-header-display":"","ast-banner-title-visibility":"","ast-main-header-display":"","ast-hfb-above-header-display":"","ast-hfb-below-header-display":"","ast-hfb-mobile-header-display":"","site-post-title":"","ast-breadcrumbs-content":"","ast-featured-img":"","footer-sml-layout":"","theme-transparent-header-meta":"default","adv-header-id-meta":"","stick-header-meta":"","header-above-stick-meta":"","header-main-stick-meta":"","header-below-stick-meta":"","astra-migrate-meta-layouts":"default","ast-page-background-enabled":"default","ast-page-background-meta":{"desktop":{"background-color":"","background-image":"","background-repeat":"repeat","background-position":"center center","background-size":"auto","background-attachment":"scroll","background-type":"","background-media":"","overlay-type":"","overlay-color":"","overlay-opacity":"","overlay-gradient":""},"tablet":{"background-color":"","background-image":"","background-repeat":"repeat","background-position":"center center","background-size":"auto","background-attachment":"scroll","background-type":"","background-media":"","overlay-type":"","overlay-color":"","overlay-opacity":"","overlay-gradient":""},"mobile":{"background-color":"","background-image":"","background-repeat":"repeat","background-position":"center center","background-size":"auto","background-attachment":"scroll","background-type":"","background-media":"","overlay-type":"","overlay-color":"","overlay-opacity":"","overlay-gradient":""}},"ast-content-background-meta":{"desktop":{"background-color":"var(--ast-global-color-5)","background-image":"","background-repeat":"repeat","background-position":"center center","background-size":"auto","background-attachment":"scroll","background-type":"","background-media":"","overlay-type":"","overlay-color":"","overlay-opacity":"","overlay-gradient":""},"tablet":{"background-color":"var(--ast-global-color-5)","background-image":"","background-repeat":"repeat","background-position":"center center","background-size":"auto","background-attachment":"scroll","background-type":"","background-media":"","overlay-type":"","overlay-color":"","overlay-opacity":"","overlay-gradient":""},"mobile":{"background-color":"var(--ast-global-color-5)","background-image":"","background-repeat":"repeat","background-position":"center center","background-size":"auto","background-attachment":"scroll","background-type":"","background-media":"","overlay-type":"","overlay-color":"","overlay-opacity":"","overlay-gradient":""}},"footnotes":""},"class_list":["post-1038","page","type-page","status-publish","hentry"],"acf":[],"uagb_featured_image_src":{"full":false,"thumbnail":false,"medium":false,"medium_large":false,"large":false,"1536x1536":false,"2048x2048":false,"cosmic-thumbnail-50xAUTO":false,"cosmic-thumbnail-AUTOx50":false,"cosmic-thumbnail-100xAUTO":false,"cosmic-thumbnail-AUTOx100":false,"cosmic-thumbnail-100x100":false,"cosmic-thumbnail-150x150":false,"cosmic-thumbnail-300x225":false,"cosmic-thumbnail-640x640":false,"cosmic-thumbnail-AUTOx640":false,"cosmic-thumbnail-640xAUTO":false,"cosmic-thumbnail-960x960":false,"cosmic-thumbnail-AUTOx960":false,"cosmic-thumbnail-960xAUTO":false,"cosmic-thumbnail-1024x768":false,"cosmic-thumbnail-AUTOx768":false,"cosmic-thumbnail-1024xAUTO":false,"cosmic-thumbnail-1920x1080":false,"cosmic-thumbnail-AUTOx1080":false,"cosmic-thumbnail-1920xAUTO":false},"uagb_author_info":{"display_name":"xavier","author_link":"https:\/\/cria.igpdebenlloch.com\/index.php\/author\/xavier\/"},"uagb_comment_info":0,"uagb_excerpt":"Cachorros &#8211; Estimulaci\u00f3n temprana Bio-sensor (estimulaci\u00f3n temprana de cachorros) La gen\u00e9tica marca un tercio del potencial futuro del cachorro. Hay per\u00edodos de tiempo concretos durante los primeros meses de vida del cachorro en los que la estimulaci\u00f3n neurol\u00f3gica tiene resultados \u00f3ptimos. Hoy en d\u00eda hay pr\u00e1ctica unanimidad en concretar que el primer per\u00edodo de desarrollo&hellip;","_links":{"self":[{"href":"https:\/\/cria.igpdebenlloch.com\/index.php\/wp-json\/wp\/v2\/pages\/1038","targetHints":{"allow":["GET"]}}],"collection":[{"href":"https:\/\/cria.igpdebenlloch.com\/index.php\/wp-json\/wp\/v2\/pages"}],"about":[{"href":"https:\/\/cria.igpdebenlloch.com\/index.php\/wp-json\/wp\/v2\/types\/page"}],"author":[{"embeddable":true,"href":"https:\/\/cria.igpdebenlloch.com\/index.php\/wp-json\/wp\/v2\/users\/1"}],"replies":[{"embeddable":true,"href":"https:\/\/cria.igpdebenlloch.com\/index.php\/wp-json\/wp\/v2\/comments?post=1038"}],"version-history":[{"count":3,"href":"https:\/\/cria.igpdebenlloch.com\/index.php\/wp-json\/wp\/v2\/pages\/1038\/revisions"}],"predecessor-version":[{"id":2137,"href":"https:\/\/cria.igpdebenlloch.com\/index.php\/wp-json\/wp\/v2\/pages\/1038\/revisions\/2137"}],"wp:attachment":[{"href":"https:\/\/cria.igpdebenlloch.com\/index.php\/wp-json\/wp\/v2\/media?parent=1038"}],"curies":[{"name":"wp","href":"https:\/\/api.w.org\/{rel}","templated":true}]}}